y 57?
15
Let y = -464 - -469. Let g = 17 - -19. Suppose 121 - g = 5*m. Calculate the remainder when m is divided by y.
2
Let f be (1*-131)/(-1) - (-36)/18. Suppose -8*z = -f - 35. Calculate the remainder when 59 is divided by z.
17
Let w(k) = -k + 1. Let f be w(-7). Suppose 2*v + 15 = -3*v, -2*x = 5*v + 27. Let a = x + f. What is the remainder when 7 is divided by a?
1
Suppose -90*k + 630 = 15*k. Calculate the remainder when 189 is divided by k.
3
What is the remainder when 6 + 64 - (-16)/2 is divided by 46?
32
Let m(i) = -i - i**2 + 4*i**2 - 37*i**3 - i**2 - 1 - 1. What is the remainder when m(-1) is divided by 13?
12
Suppose 2*k = -0*v + 5*v + 148, 0 = 5*v - 3*k + 147. Let h = 44 + v. What is the remainder when 55 is divided by h?
13
Suppose -4*p = -3*k + 46 - 153, 3*p - 83 = 5*k. What is the remainder when 4734/46 - (-6)/69 is divided by p?
25
Let f = 176 + -7. Let c = f - 34. What is the remainder when c is divided by 23?
20
Suppose -a + 10*m + 30 = 8*m, 3*a = -m + 76. Calculate the remainder when 258 is divided by a.
24
Suppose -8 = 4*u, 0*u - 14 = -2*k - 3*u. Let x(a) = -4 - 3*a**3 - 3*a - 102*a**2 + 95*a**2 - 2*a. Calculate the remainder when x(-3) is divided by k.
9
Let v(j) = 14*j - 125. What is the remainder when v(14) is divided by 40?
31
Suppose 2*x = -0*x + 8, 4*i + 4*x = 4. Let r be (-2 + 0 - i)*0. Suppose 3*f - 6 = 0, r*p + f + 50 = 2*p. What is the remainder when 102 is divided by p?
24
Let n = -64 - -74. What is the remainder when n/2*326/10 is divided by 41?
40
Suppose -3 - 9 = -6*w. Suppose -3*z + 0*z + 66 = 2*r, -5*r + w*z + 165 = 0. Calculate the remainder when 63 is divided by r.
30
Let j be 8/36 + (-5406)/27. Calculate the remainder when 98 is divided by (j/35)/(2/(-7)).
18
Suppose -2*q = -7*q - 4*r + 14, 2*r + 4 = 3*q. Let m = 1 + q. What is the remainder when m is divided by 1/((-2)/(1 - 5))?
1
Suppose 0 = -4*h + 2*k + 66 - 18, -4*k - 8 = 0. Let q = -13 - -20. Calculate the remainder when h is divided by q.
4
Let y(t) = -t**2 + 7*t - 6. Let n(k) = 7*k - k**2 - 1 + 0*k**2 + 0*k**2. What is the remainder when n(5) is divided by y(4)?
3
Suppose m - 3*m + 2*k + 12 = 0, m - 3*k - 8 = 0. Suppose 5*s = 4*r + 735, -2*s = -m*r + 24 - 301. Calculate the remainder when s is divided by 38.
37
Let b be 682 + (4 + -7)/1. Suppose 3*p + 4*p = b. What is the remainder when p is divided by 9?
7
Let g = 50 - 30. Suppose 4*u = -5*l + 35, 4*l + 2*u = g + 8. Calculate the remainder when 22 is divided by l.
1
Suppose 3*y - 5*b - 177 = 0, 2*y - 2*b - 118 = -0*b. What is the remainder when y + ((-55)/20 - (-3)/(-12)) is divided by 20?
16
What is the remainder when 20/(-4) - 2436/(-6) is divided by 3?
2
Let z(r) = r**3 + 24*r**2 + 22*r - 28. Let p be z(-23). Calculate the remainder when p/25 + (-691)/(-5) is divided by 35.
33
Let z = -44 + 24. Let r(m) = -4*m**2 - 8*m + 1. Let j be r(-2). What is the remainder when 93 is divided by j*(4 - z) + 0?
21
Let x = 322 + -197. What is the remainder when x is divided by (256/(-20))/(2/(-5))?
29
Let q be 4 + -3*6/9. Suppose -4*g + q*b - 34 = 0, -g + b + 53 = -6*g. Let h(o) = -o**2 - 10*o + 10. Calculate the remainder when 28 is divided by h(g).
8
Suppose -32 = -4*f + 64. Suppose f = s + c, 0*s = s + 3*c - 32. Calculate the remainder when 139 is divided by s.
19
Suppose 0 = w - 4*w. Suppose w = 15*p - 10*p - 180. Calculate the remainder when p is divided by (-1)/(2 + -1) - -14.
10
Let g(k) = 97*k. Calculate the remainder when g(1) is divided by ((-8)/(-24))/((-1)/(-75)).
22
Suppose 0 = 5*h + d, 2*d + d = 0. Suppose h = -2*p - p + 2*g + 108, 3*p - 99 = 5*g. What is the remainder when p is divided by 11?
5
Suppose 5 = 2*a - 5. Calculate the remainder when 17 is divided by ((-63)/14)/((-15)/4)*a.
5
Suppose 161 = 6*j - 163. What is the remainder when 282 is divided by j?
12
Let f(p) = 2*p**3 + 49*p**2 + 19*p - 17. Let z = -57 + 33. Calculate the remainder when f(z) is divided by 36.
31
Suppose -5*j + 388 = -47*p + 49*p, -368 = -5*j + 3*p. Calculate the remainder when j is divided by 22.
10
Suppose -30*s + 9*s + 1155 = 0. Calculate the remainder when s is divided by 12.
7
Suppose 47 = u - 125. Let o = 2562 + -2504. What is the remainder when u is divided by o?
56
Suppose -12*y = -14*y + o + 39, 5*o = -y - 8. Calculate the remainder when 233 is divided by y.
12
Calculate the remainder when (-8)/20*(-795)/6 is divided by 19.
15
Suppose 3*q + 2*q + 22275 = 0. Suppose 2*d - 4*y = 36, -2*d + 3*y + 21 = -18. Calculate the remainder when (-2)/(-7) - q/63 is divided by d.
23
Suppose 5*c + 1100 = u - 2026, -2*c = -5*u + 15607. What is the remainder when u is divided by 71?
68
Let q = -2105 - -2133. Calculate the remainder when 753 is divided by q.
25
Suppose 0 = -2*q - u + 71, -21*u + 26*u = 3*q - 139. Calculate the remainder when q is divided by 2 + -1 - -1*9.
8
Let k(o) = o**2 - 2*o - 1. Let w be k(4). Suppose 3*f - w*f = -44. What is the remainder when f is divided by 7?
4
Let o be 4/(-18) - (-304)/72. Calculate the remainder when 43 is divided by 82/o - (-3)/2.
21
Let n(w) = 2*w**2 - w - 6. Let z = -90 + 94. What is the remainder when 43 is divided by n(z)?
21
Let g = -9 + 27. Suppose 5*n - n + 98 = 2*b, 0 = n + 5*b + 19. What is the remainder when (33/(-2))/(g/n) is divided by 9?
4
Let n = -33 - -33. Suppose n*m = 7*m + 147. What is the remainder when (-3)/m - (-566)/7 is divided by 14?
11
Suppose -12*t + 22 = -326. Let l = 3 - 3. Suppose -2*z = b - 5*b + 4, l = -3*z + 3*b + 9. What is the remainder when t is divided by z?
5
Let t(j) = 4*j**3 - 2*j**2 - 2*j + 1. Let m be t(2). Calculate the remainder when 27 is divided by 196/m*9/6.
13
Let u = 50 - 10. Suppose -7 = -2*g + 1. Suppose -o = -3*c - 0*o + 34, 0 = g*c + 4*o - u. What is the remainder when 31 is divided by c?
9
Let c(i) = -i**3 - 11*i**2 - 9*i + 14. Let a be c(-10). Suppose -a*o + 60 = -0*o. Calculate the remainder when 87 is divided by o.
12
Suppose 4*t + 3*i = 153 + 76, 4*t - 2*i = 234. What is the remainder when 230 is divided by t?
56
Let h = -15 - -26. Suppose -5*j = -5*y - 190, -j + 2*y = -0*y - 38. What is the remainder when j is divided by h?
5
Let f = -11787 - -11930. Calculate the remainder when f is divided by (-2 - 183)*(-2)/5.
69
Let g = 1291 + 236. Calculate the remainder when g is divided by 17.
14
Suppose 9 = 2*l - c, 5*l - 33 = -c - 0. What is the remainder when 22 is divided by l?
4
Suppose -4*b = -242 - 2. Let t = -11 + -20. Let c = t + b. Calculate the remainder when c is divided by 16.
14
Let t = 328 - 75. Calculate the remainder when t is divided by 62.
5
Suppose -2*q - 180 = -4*a, -5*q = a + 16 - 61. Calculate the remainder when 402 is divided by a.
42
Calculate the remainder when 183 is divided by 4/30 - (-10 + (-3756)/180).
28
Let o(g) = g**2 - 7*g + 9. Let z be o(6). Let x(m) = 4*m**3 + 5*m**2 - 2*m. Let v be x(z). Suppose -v = s - 4*s. What is the remainder when s is divided by 17?
15
Suppose 0 = -7*v - 635 + 2217. Calculate the remainder when v is divided by 57.
55
Let m = -14 - -37. Let c be 2 - 8 - -4 - (-5)/1. Suppose -12 = -2*a + 2*i, -4*i + 3 = c*a - 15. Calculate the remainder when m is divided by a.
5
Let w = -19 - -16. Let q(z) = -2*z**2 - 4*z + 1. Let c be q(w). Calculate the remainder when (0 + c)*(-240)/50 is divided by 9.
6
Let m(a) = -2*a + 23. Let j be m(13). Let y = -83 + 172. What is the remainder when y is divided by (8 - 7)/(j/(-69))?
20
Let w(q) = -q**3 - 9*q**2 + q + 12. Let a = 20 - 29. Let p be w(a). Suppose -5 - 94 = -p*m. Calculate the remainder when m is divided by 9.
6
Suppose -80 = -4*a + x, a - 3*x = -0*a + 20. Calculate the remainder when 50 is divided by a.
10
Let p = -338 + 364. What is the remainder when 98 is divided by p?
20
Suppose 0 - 12 = 2*a. Let g be a/14 + (-124)/(-28). Suppose g*c - 3*b = 71, -2*c = b - 4*b - 31. Calculate the remainder when 37 is divided by c.
17
Let b(m) = m**3 - 13*m**2 - 29*m + 18. What is the remainder when b(15) is divided by 7?
5
Let v(m) = m**3 - 12*m**2 - m + 1. Let q be v(12). Suppose 4*o = o + 192. Let x = o - q. What is the remainder when x is divided by 19?
18
Suppose 15*y = -2*y + 272. What is the remainder when 168 is divided by ((-2 - (-236)/y) + -2)*4?
39
Suppose 5*h - 9*h + 69 = -5*l, -2*h + 27 = 5*l. Suppose -5*w = -4*k + 178, k = 3*k + 2*w - 98.